ase 4, what is 13 + 23?
102
In base 3, what is -112 + 1122?
1010
In base 11, what is -1 - 23?
-24
In base 15, what is 3b6 + -3?
3b3
In base 16, what is -15 - 1ca?
-1df
In base 7, what is 45365 - -5?
45403
In base 6, what is -5 - -33112?
33103
In base 9, what is 432 - -1?
433
In base 12, what is a - 2?
8
In base 14, what is 37 + -14?
23
In base 11, what is -62 - 18?
-7a
In base 15, what is -ab - -57?
-54
In base 15, what is 14c + -15?
137
In base 4, what is -10 + -11011?
-11021
In base 11, what is 84 - -4?
88
In base 5, what is -1044 + 41?
-1003
In base 5, what is -1031 + 10?
-1021
In base 2, what is 101 + -1010011010?
-1010010101
In base 8, what is -6 - 72?
-100
In base 7, what is 4 + -11154?
-11150
In base 10, what is 3 - 697?
-694
In base 11, what is 45 + 13a?
184
In base 9, what is -4 - -205?
201
In base 7, what is 2324 + 11?
2335
In base 11, what is -11 - 284?
-295
In base 4, what is 2111 + -13?
2032
In base 11, what is -a7 - 1?
-a8
In base 12, what is -913 - -1?
-912
In base 12, what is 1 - bbb?
-bba
In base 8, what is -172 - -1?
-171
In base 13, what is 1a2 - 2?
1a0
In base 4, what is -2230323 - -2?
-2230321
In base 4, what is -1 - 2321?
-2322
In base 4, what is 0 + -1221?
-1221
In base 6, what is 4423 + 14?
4441
In base 15, what is -32 + 37?
5
In base 2, what is -100010111 - 100111?
-100111110
In base 10, what is -196 + 6?
-190
In base 14, what is 49 + 50?
99
In base 10, what is 2 - -204?
206
In base 9, what is -78 - 280?
-368
In base 10, what is -286 - 1?
-287
In base 9, what is 17 - 0?
17
In base 15, what is -a - 7e?
-89
In base 10, what is -8 - 52?
-60
In base 3, what is -221101 + -2?
-221110
In base 9, what is -460 - -4?
-455
In base 11, what is -2 - 136?
-138
In base 16, what is -5eb + 1?
-5ea
In base 2, what is 101011 + -1000?
100011
In base 3, what is 112 + -2000?
-1111
In base 6, what is 100 - -30?
130
In base 5, what is -13 + 113?
100
In base 14, what is -56 - 3c?
-94
In base 12, what is 8 - 7b?
-73
In base 16, what is -c5 + 2?
-c3
In base 2, what is 101111 + -1111?
100000
In base 8, what is -43 + 0?
-43
In base 8, what is 2 + -65?
-63
In base 10, what is 4 + -583?
-579
In base 9, what is 311 + 105?
416
In base 16, what is -2 + 1ff?
1fd
In base 4, what is 2 + 121113?
121121
In base 14, what is 16 + -197?
-181
In base 13, what is -3b91 + -3?
-3b94
In base 5, what is -1031204 - -1?
-1031203
In base 10, what is -1 - -115?
114
In base 13, what is 0 - c1?
-c1
In base 9, what is -441 - 18?
-460
In base 16, what is 23 - 10?
13
In base 15, what is -11 - -402?
3e1
In base 11, what is 14 - -8?
21
In base 8, what is 2 - -440?
442
In base 9, what is 52 + -2?
50
In base 13, what is 11 + -1a3?
-192
In base 7, what is 4 - 260?
-253
In base 16, what is 49 + -b?
3e
In base 15, what is -4c - 8?
-55
In base 5, what is 2432 + 131?
3113
In base 7, what is -53 + 60?
4
In base 3, what is -2 - 1011010?
-1011012
In base 11, what is -6339 - -3?
-6336
In base 11, what is -4 - 91a?
-923
In base 11, what is 174 - -128?
2a1
In base 4, what is -3220100 - -3?
-3220031
In base 14, what is -2700 + 5?
-26d9
In base 15, what is 9d - -1?
9e
In base 4, what is 23 + -10030?
-10001
In base 13, what is 3 - -1a44?
1a47
In base 5, what is -4 - 22013?
-22022
In base 6, what is -3001 + 5?
-2552
In base 2, what is -1100 - -100100100?
100011000
In base 2, what is -110100101000 + 101?
-110100100011
In base 5, what is 430143 - -10?
430203
In base 13, what is -658 - 5?
-660
In base 11, what is 114 + 18?
131
In base 8, what is 33 + 1045?
1100
In base 10, what is 1 - -37?
38
In base 10, what is 6295 + 2?
6297
In base 9, what is 568 - -1?
570
In base 13, what is -a + -ba5?
-bb2
In base 10, what is -17 + 37?
20
In base 13, what is -176 + -2?
-178
In base 16, what is -1 + -168?
-169
In base 5, what is -300 - 1110?
-1410
In base 16, what is 258 - -4?
25c
In base 5, what is 10 - -201?
211
In base 9, what is -1 - -1437?
1436
In base 4, what is 1013 - -13?
1032
In base 5, what is 20 + -4?
11
In base 5, what is 24 + 443?
1022
In base 4, what is -23122 + 3?
-23113
In base 9, what is 12605 + 5?
12611
In base 3, what is -10111 + 1?
-10110
In base 2, what is 111000111011 + -100?
111000110111
In base 9, what is -173 - -4?
-168
In base 10, what is 86 + 0?
86
In base 10, what is 3 - -140?
143
In base 11, what is -30 + 328?
2a8
In base 7, what is -4422 - 0?
-4422
In base 7, what is -130 + 2?
-125
In base 5, what is 30 - 444?
-414
In base 3, what is 2 - -10002?
10011
In base 8, what is 4 + 463?
467
In base 9, what is 3 + 6?
10
In base 6, what is 0 + 22?
22
In base 10, what is 5 - 68?
-63
In base 4, what is 11 + -321?
-310
In base 5, what is 14220 + 0?
14220
In base 13, what is 7 - a?
-3
In base 8, what is 16 + 3?
21
In base 4, what is 130030 + -1?
130023
In base 7, what is 5 + 26?
34
In base 14, what is -779 - 0?
-779
In base 6, what is -112 + -1?
-113
In base 14, what is -72 - -5?
-6b
In base 4, what is 120202 - -12?
120220
In base 12, what is -4 + 1215?
1211
In base 16, what is -1 - 131?
-132
In base 10, what is 81 + -5?
76
In base 11, what is -5599 - -4?
-5595
In base 6, what is -144 - 4?
-152
In base 11, what is 4 + 737?
740
In base 14, what is 9 + -d1?
-c6
In base 11, what is -58 - 2?
-5a
In base 2, what is 10111 - 110000111?
-101110000
In base 8, what is -2 - 30?
-32
In base 3, what is -2 + -122?
-201
In base 6, what is 5 + 301?
310
In base 7, what is -11 - 2032?
-2043
In base 8, what is 2 - -434?
436
In base 10, what is 21 + 5?
26
In base 11, what is -6370 + 5?
-6366
In base 8, what is -62 - -3?
-57
In base 4, what is -210 - -2?
-202
In base 2, what is 10100001001 - 1100?
10011111101
In base 4, what is -21330 - -11?
-21313
In base 5, what is -102 + 300?
143
In base 8, what is -4 + -3517?
-3523
In base 12, what is 1 + -179?
-178
In base 12, what is 3 + 44?
47
In base 6, what is 353051 + 2?
353053
In base 11, what is 35 - -a?
44
In base 3, what is -2002000 - 2?
-2002002
In base 3, what is 10110 + -10?
10100
In base 11, what is 44a2 - 4?
4499
In base 5, what is 20 - 243?
-223
In base 3, what is -110022 + 100?
-102222
In base 16, what is -4 + -93?
-97
In base 14, what is -37c + -2?
-380
In base 12, what is 4 + -3b8?
-3b4
In base 4, what is 0 - 201113?
-201113
In base 8, what is 75 + 30?
125
In base 15, what is -243 - -1?
-242
In base 8, what is 421 - 0?
421
In base 4, what is 233 + -12?
221
In base 15, what is 2 - -1243?
1245
In base 14, what is 15 - 10?
5
In base 7, what is 624 + 5?
632
In base 15, what is 1 + 72?
73
In base 12, what is -5 + -93?
-98
In base 10, what is -42 - -60?
18
In base 4, what is 1 - -100022?
100023
In base 3, what is 1 + -2102?
-2101
In base 3, what is 22 + 11?
110
In base 7, what is 1 + -324?
-323
In base 5, what is 1010 - -4?
1014
In base 11, what is 2 + -6a?
-68
In base 2, what is -10 + 110100011111?
110100011101
In base 4, what is -3 + -1121?
-1130
In base 11, what is 9 + 369?
377
In base 14, what is -3 + -135?
-138
In base 4, what is 20 - -103?
123
In base 9, what is 8 - 112?
-103
In base 7, what is 24146 + -2?
24144
In base 5, what is -10 + 10?
0
In base 15, what is 1329 - -3?
132c
In base 8, what is -20 - 1?
-21
In base 7, what is 54 + 1?
55
In base 2, what is 101011001110 + 101?
101011010011
In base 10, what is 9 + -11?
-2
In base 3, what is 1 - -12220120?
12220121
In base 2, what is -1001 - 10?
-1011
In base 5, what is -214 + 3?
-211
In base 2, what is 10100110100 - 100?
10100110000
In base 5, what is -14 + -123?
-142
In base 9, what is -4115 + -1?
-4116
In base 14, what is -4 + 1972?
196c
In base 11, what is 9 - 27?
-19
In base 11, what is 0 - 127?
-127
In base 10, what is 18598 + -4?
18594
In base 9, what is -110 - -10?
-100
In base 2, what is 10010 + -100?
1110
In base 6, what is -4 - 1111?
-1115
In base 8, what is 212 + -115?
75
In base 4, what is 323 - 21?
302
In base 9, what is -2411 + 2?
-2408
In base 7, what is 3 - 112?
-106
In base 5, what is 10 - 4302?
-4242
In base 14, what is 3 + -2020?
-201b
In base 13, what is 2 + -7c?
-7a
In base 6, what is 50 - -4?
54
In base 7, what is 0 - -423?
423
In base 8, what is 105 + -3?
102
In base 15, what is 1e + -c?
12
In base 16, what is 5 - -57?
5c
In base 2, what is -100010011100000 - 1?
-100010011100001
In base 3, what is 11 - -202012?
202100
In base 16, what is 0 + 135?
135
In base 4, what is -3212 - 2?
-